{"id":39,"date":"2010-12-03T23:49:02","date_gmt":"2010-12-03T22:49:02","guid":{"rendered":"http:\/\/holmsundskoter.com\/?page_id=39"},"modified":"2014-12-17T12:58:41","modified_gmt":"2014-12-17T11:58:41","slug":"styrelsen","status":"publish","type":"page","link":"http:\/\/holmsundskoter.com\/?page_id=39","title":{"rendered":"Styrelsen"},"content":{"rendered":"<div class='w3eden' id='layout_page'><div class=\"minimax_content_area row \" id=\"row_52ea9c3ac1f98\" style=\"margin:px px px px;padding:px px px px;\" > \r\n\r\n        <div class=\"gridt col-md-6 minimax_column\" id=\"column_1_52ea9c3ac1f98\">\r\n                    <div class='minimax_module WP_Widget_Text ' style='margin:0px 0px 0px 0px;padding:0px 0px 0px 0px;' data-wow-duration='1s' data-wow-delay='1s'><div class=\"widget widget_text\"><h2 class=\"widgettitle\">Ordf\u00f6rande<\/h2>\t\t\t<div class=\"textwidget\">Kristina Seeman\n\nTel: 070-691 28 18\n\nLynx Enduro Special 500 -99\n\nkristina@holmsundskoter.com<\/div>\n\t\t<\/div><\/div>\r\n                    <\/div>\r\n\t    \r\n \r\n\r\n        <div class=\"gridt col-md-6 minimax_column\" id=\"column_2_52ea9c3ac1f98\">\r\n                    <div class='minimax_module WP_Widget_Text ' style='margin:0px 0px 0px 0px;padding:0px 0px 0px 0px;' data-wow-duration='1s' data-wow-delay='1s'><div class=\"widget widget_text\"><h2 class=\"widgettitle\">Vice ordf\u00f6rande<\/h2>\t\t\t<div class=\"textwidget\">Joakim Nilsson\n\nTel: 070-471 41 79\n\nSki-Doo Mxz550f -09 Ski-Doo Mxz700 -01\n\njocke@holmsundskoter.com<\/div>\n\t\t<\/div><\/div>\r\n                    <\/div>\r\n\t    \r\n<div style='clear: both;'><\/div><\/div><div class=\"minimax_content_area row \" id=\"row_52ea9cb347a57\" style=\"margin:px px px px;padding:px px px px;\" > \r\n\r\n        <div class=\"gridt col-md-6 minimax_column\" id=\"column_1_52ea9cb347a57\">\r\n                    <div class='minimax_module WP_Widget_Text ' style='margin:0px 0px 0px 0px;padding:0px 0px 0px 0px;' data-wow-duration='1s' data-wow-delay='1s'><div class=\"widget widget_text\"><h2 class=\"widgettitle\">Kass\u00f6r<\/h2>\t\t\t<div class=\"textwidget\">Tommy Urpiala\n\nTel: 070-691 74 47\n\nSki-Doo Mxz700 Millenium -00\n\ntommy@holmsundskoter.com<\/div>\n\t\t<\/div><\/div>\r\n                    <\/div>\r\n\t    \r\n \r\n\r\n        <div class=\"gridt col-md-6 minimax_column\" id=\"column_2_52ea9cb347a57\">\r\n                    <div class='minimax_module WP_Widget_Text ' style='margin:0px 0px 0px 0px;padding:0px 0px 0px 0px;' data-wow-duration='1s' data-wow-delay='1s'><div class=\"widget widget_text\"><h2 class=\"widgettitle\">Ledamot, webmaster<\/h2>\t\t\t<div class=\"textwidget\">Sune Grabbe\n\nTel: 070-295 61 97\n\nYamaha SW440 Europa Edition -76\n\nsune@holmsundskoter.com<\/div>\n\t\t<\/div><\/div>\r\n                    <\/div>\r\n\t    \r\n<div style='clear: both;'><\/div><\/div><div class=\"minimax_content_area row \" id=\"row_52ea9d003cb35\" style=\"margin:px px px px;padding:px px px px;\" > \r\n\r\n        <div class=\"gridt col-md-6 minimax_column\" id=\"column_1_52ea9d003cb35\">\r\n                    <div class='minimax_module WP_Widget_Text ' style='margin:0px 0px 0px 0px;padding:0px 0px 0px 0px;' data-wow-duration='1s' data-wow-delay='1s'><div class=\"widget widget_text\"><h2 class=\"widgettitle\">Ledamot<\/h2>\t\t\t<div class=\"textwidget\">Arne Hedlund\n\nTel: 070-327 75 54\n\nSki-Doo Mxz600 -07\n\narne@holmsundskoter.com<\/div>\n\t\t<\/div><\/div>\r\n                    <\/div>\r\n\t    \r\n \r\n\r\n        <div class=\"gridt col-md-6 minimax_column\" id=\"column_2_52ea9d003cb35\">\r\n                    <div class='minimax_module WP_Widget_Text ' style='margin:0px 0px 0px 0px;padding:0px 0px 0px 0px;' data-wow-duration='1s' data-wow-delay='1s'><div class=\"widget widget_text\"><h2 class=\"widgettitle\">Ledamot<\/h2>\t\t\t<div class=\"textwidget\">Peter Hedman\n\nTel: 070-381 61 98\n\nSki-Doo Mxz700 -00\n\npeppe@holmsundskoter.com<\/div>\n\t\t<\/div><\/div>\r\n                    <\/div>\r\n\t    \r\n<div style='clear: both;'><\/div><\/div><div class=\"minimax_content_area row \" id=\"row_52ea9d4199f44\" style=\"margin:px px px px;padding:px px px px;\" > \r\n\r\n        <div class=\"gridt col-md-6 minimax_column\" id=\"column_1_52ea9d4199f44\">\r\n                    <div class='minimax_module WP_Widget_Text ' style='margin:0px 0px 0px 0px;padding:0px 0px 0px 0px;' data-wow-duration='1s' data-wow-delay='1s'><div class=\"widget widget_text\"><h2 class=\"widgettitle\">Ledamot<\/h2>\t\t\t<div class=\"textwidget\">Kent Lindkvist\n\nTel: 070-536 37 07\n\nVolvo V70 -02\n\nkecke@holmsundskoter.com<\/div>\n\t\t<\/div><\/div>\r\n                    <\/div>\r\n\t    \r\n \r\n\r\n        <div class=\"gridt col-md-6 minimax_column\" id=\"column_2_52ea9d4199f44\">\r\n                    <div class='minimax_module WP_Widget_Text ' style='margin:0px 0px 0px 0px;padding:0px 0px 0px 0px;' data-wow-duration='1s' data-wow-delay='1s'><div class=\"widget widget_text\"><h2 class=\"widgettitle\">Suppleang<\/h2>\t\t\t<div class=\"textwidget\">Mikael Lindberg\n\n070-220 85 45\n\nYamaha Nytro X-Ride 153\u2033<\/div>\n\t\t<\/div><\/div>\r\n                    <\/div>\r\n\t    \r\n<div style='clear: both;'><\/div><\/div><div class=\"minimax_content_area row \" id=\"row_52ea9d9428bc2\" style=\"margin:px px px px;padding:px px px px;\" > \r\n\r\n        <div class=\"gridt col-md-6 minimax_column\" id=\"column_1_52ea9d9428bc2\">\r\n                    <div class='minimax_module WP_Widget_Text ' style='margin:px px px px;padding:px px px px;' data-wow-duration='1s' data-wow-delay='1s'><div class=\"widget widget_text\"><h2 class=\"widgettitle\">Suppleang<\/h2>\t\t\t<div class=\"textwidget\"><p>Leif Lundkvist<\/p>\n<\/div>\n\t\t<\/div><\/div>\r\n                    <\/div>\r\n\t    \r\n \r\n\r\n        <div class=\"gridt col-md-6 minimax_column\" id=\"column_2_52ea9d9428bc2\">\r\n                    <div class='minimax_module WP_Widget_Text ' style='margin:px px px px;padding:px px px px;' data-wow-duration='1s' data-wow-delay='1s'><div class=\"widget widget_text\"><h2 class=\"widgettitle\">Suppleang<\/h2>\t\t\t<div class=\"textwidget\"><p>Erik Holmberg<\/p>\n<\/div>\n\t\t<\/div><\/div>\r\n                    <\/div>\r\n\t    \r\n<div style='clear: both;'><\/div><\/div><div class=\"minimax_content_area row \" id=\"row_52ea9ddb743fe\" style=\"margin:px px px px;padding:px px px px;\" > \r\n\r\n        <div class=\"gridt col-md-12 minimax_column\" id=\"column_1_52ea9ddb743fe\">\r\n                    <div class='minimax_module WP_Widget_Text ' style='margin:px px px px;padding:px px px px;' data-wow-duration='1s' data-wow-delay='1s'><div class=\"widget widget_text\">\t\t\t<div class=\"textwidget\"><p>Vill du komma i kontakt med n\u00e5gon av oss, \u2026har fr\u00e5gor om v\u00e5rt engagemang eller n\u00e5got annat, maila eller ring oss p\u00e5 n\u00e5got av telefonnumren!<\/p>\n<\/div>\n\t\t<\/div><\/div>\r\n                    <\/div>\r\n\t    \r\n<div style='clear: both;'><\/div><\/div><\/div>","protected":false},"excerpt":{"rendered":"<p>Ordf\u00f6rande Kristina Seeman Tel: 070-691 28 18 Lynx Enduro Special 500 -99 kristina@holmsundskoter.com Vice ordf\u00f6rande Joakim Nilsson Tel: 070-471 41 79 Ski-Doo Mxz550f -09 Ski-Doo Mxz700 -01 jocke@holmsundskoter.com Kass\u00f6r Tommy Urpiala Tel: 070-691 74 47 Ski-Doo Mxz700 Millenium -00 tommy@holmsundskoter.com Ledamot, webmaster Sune Grabbe Tel: 070-295 61 97 Yamaha SW440 Europa Edition -76 sune@holmsundskoter.com Ledamot &hellip; <\/p>\n<p class=\"link-more\"><a href=\"http:\/\/holmsundskoter.com\/?page_id=39\" class=\"more-link\">Forts\u00e4tt l\u00e4sa<span class=\"screen-reader-text\"> \u201dStyrelsen\u201d<\/span><\/a><\/p>\n","protected":false},"author":1,"featured_media":708,"parent":2,"menu_order":1,"comment_status":"open","ping_status":"open","template":"","meta":{"ngg_post_thumbnail":0,"footnotes":""},"class_list":["post-39","page","type-page","status-publish","has-post-thumbnail","hentry"],"aioseo_notices":[],"_links":{"self":[{"href":"http:\/\/holmsundskoter.com\/index.php?rest_route=\/wp\/v2\/pages\/39","targetHints":{"allow":["GET"]}}],"collection":[{"href":"http:\/\/holmsundskoter.com\/index.php?rest_route=\/wp\/v2\/pages"}],"about":[{"href":"http:\/\/holmsundskoter.com\/index.php?rest_route=\/wp\/v2\/types\/page"}],"author":[{"embeddable":true,"href":"http:\/\/holmsundskoter.com\/index.php?rest_route=\/wp\/v2\/users\/1"}],"replies":[{"embeddable":true,"href":"http:\/\/holmsundskoter.com\/index.php?rest_route=%2Fwp%2Fv2%2Fcomments&post=39"}],"version-history":[{"count":16,"href":"http:\/\/holmsundskoter.com\/index.php?rest_route=\/wp\/v2\/pages\/39\/revisions"}],"predecessor-version":[{"id":871,"href":"http:\/\/holmsundskoter.com\/index.php?rest_route=\/wp\/v2\/pages\/39\/revisions\/871"}],"up":[{"embeddable":true,"href":"http:\/\/holmsundskoter.com\/index.php?rest_route=\/wp\/v2\/pages\/2"}],"wp:featuredmedia":[{"embeddable":true,"href":"http:\/\/holmsundskoter.com\/index.php?rest_route=\/wp\/v2\/media\/708"}],"wp:attachment":[{"href":"http:\/\/holmsundskoter.com\/index.php?rest_route=%2Fwp%2Fv2%2Fmedia&parent=39"}],"curies":[{"name":"wp","href":"https:\/\/api.w.org\/{rel}","templated":true}]}}