{"id":87,"date":"2010-12-05T17:05:47","date_gmt":"2010-12-05T16:05:47","guid":{"rendered":"http:\/\/holmsundskoter.com\/?page_id=87"},"modified":"2010-12-05T17:06:40","modified_gmt":"2010-12-05T16:06:40","slug":"vadret","status":"publish","type":"page","link":"http:\/\/holmsundskoter.com\/?page_id=87","title":{"rendered":"V\u00e4dret"},"content":{"rendered":"<p><strong>Lokalt i sk\u00e4rg\u00e5rden.<\/strong><\/p>\n<div id=\"c_8f1f07529b888db2d145974c9fc81a0e\" class=\"completo\">\n<h2 style=\"color: #000000; margin: 0 0 3px; padding: 2px; font: bold 13px\/1.2 Verdana; text-align: center;\">V\u00e4dret Holmsund<\/h2>\n<\/div>\n<p><script type=\"text\/javascript\" src=\"http:\/\/www.klart.se\/widget\/widget_loader\/8f1f07529b888db2d145974c9fc81a0e\"><\/script><\/p>\n","protected":false},"excerpt":{"rendered":"<p>Lokalt i sk\u00e4rg\u00e5rden. V\u00e4dret Holmsund<\/p>\n","protected":false},"author":1,"featured_media":0,"parent":0,"menu_order":6,"comment_status":"open","ping_status":"open","template":"","meta":{"ngg_post_thumbnail":0,"footnotes":""},"class_list":["post-87","page","type-page","status-publish","hentry"],"aioseo_notices":[],"_links":{"self":[{"href":"http:\/\/holmsundskoter.com\/index.php?rest_route=\/wp\/v2\/pages\/87","targetHints":{"allow":["GET"]}}],"collection":[{"href":"http:\/\/holmsundskoter.com\/index.php?rest_route=\/wp\/v2\/pages"}],"about":[{"href":"http:\/\/holmsundskoter.com\/index.php?rest_route=\/wp\/v2\/types\/page"}],"author":[{"embeddable":true,"href":"http:\/\/holmsundskoter.com\/index.php?rest_route=\/wp\/v2\/users\/1"}],"replies":[{"embeddable":true,"href":"http:\/\/holmsundskoter.com\/index.php?rest_route=%2Fwp%2Fv2%2Fcomments&post=87"}],"version-history":[{"count":3,"href":"http:\/\/holmsundskoter.com\/index.php?rest_route=\/wp\/v2\/pages\/87\/revisions"}],"predecessor-version":[{"id":90,"href":"http:\/\/holmsundskoter.com\/index.php?rest_route=\/wp\/v2\/pages\/87\/revisions\/90"}],"wp:attachment":[{"href":"http:\/\/holmsundskoter.com\/index.php?rest_route=%2Fwp%2Fv2%2Fmedia&parent=87"}],"curies":[{"name":"wp","href":"https:\/\/api.w.org\/{rel}","templated":true}]}}