{"id":96,"date":"2010-12-05T23:03:32","date_gmt":"2010-12-05T22:03:32","guid":{"rendered":"http:\/\/holmsundskoter.com\/?page_id=96"},"modified":"2010-12-14T21:36:30","modified_gmt":"2010-12-14T20:36:30","slug":"planket","status":"publish","type":"page","link":"http:\/\/holmsundskoter.com\/?page_id=96","title":{"rendered":"Planket"},"content":{"rendered":"<h3>Anslagstavlan. Skriv g\u00e4rna n\u00e5gra rader h\u00e4r.<\/h3>\n<p>Plankets regler<\/p>\n<address>\u2022 Anst\u00f6tligt spr\u00e5k till\u00e5ts inte.<\/address>\n<address>\u2022 Kommersiell reklam \u00e4r inte till\u00e5ten.<\/address>\n<address>\u2022 Behandla \u00f6vriga medlemmar p\u00e5 sighten med respekt.<\/address>\n<address>\u2022 Skriv inget som kan vara kr\u00e4nkande f\u00f6r enskild person.<\/address>\n<address>\u2022 Ange ditt r\u00e4tta namn f\u00f6r snabbare aktivering.<\/address>\n<address>\u2022 Skriv in din bostadsort f\u00f6r att det skall bli enklare vid tex annonser ang. k\u00f6pes\/s\u00e4ljes.<\/address>\n<p><\/br><br \/>\n<em><span style=\"color: #808080;\">Du m\u00e5ste vara registrerad anv\u00e4ndare f\u00f6r att skriva h\u00e4r.<\/span><\/em><\/p>\n","protected":false},"excerpt":{"rendered":"<p>Anslagstavlan. Skriv g\u00e4rna n\u00e5gra rader h\u00e4r. Plankets regler \u2022 Anst\u00f6tligt spr\u00e5k till\u00e5ts inte. \u2022 Kommersiell reklam \u00e4r inte till\u00e5ten. \u2022 Behandla \u00f6vriga medlemmar p\u00e5 sighten med respekt. \u2022 Skriv inget som kan vara kr\u00e4nkande f\u00f6r enskild person. \u2022 Ange ditt r\u00e4tta namn f\u00f6r snabbare aktivering. \u2022 Skriv in din bostadsort f\u00f6r att det skall bli &hellip; <\/p>\n<p class=\"link-more\"><a href=\"http:\/\/holmsundskoter.com\/?page_id=96\" class=\"more-link\">Forts\u00e4tt l\u00e4sa<span class=\"screen-reader-text\"> \u201dPlanket\u201d<\/span><\/a><\/p>\n","protected":false},"author":1,"featured_media":0,"parent":0,"menu_order":6,"comment_status":"open","ping_status":"open","template":"","meta":{"ngg_post_thumbnail":0,"footnotes":""},"class_list":["post-96","page","type-page","status-publish","hentry"],"aioseo_notices":[],"_links":{"self":[{"href":"http:\/\/holmsundskoter.com\/index.php?rest_route=\/wp\/v2\/pages\/96","targetHints":{"allow":["GET"]}}],"collection":[{"href":"http:\/\/holmsundskoter.com\/index.php?rest_route=\/wp\/v2\/pages"}],"about":[{"href":"http:\/\/holmsundskoter.com\/index.php?rest_route=\/wp\/v2\/types\/page"}],"author":[{"embeddable":true,"href":"http:\/\/holmsundskoter.com\/index.php?rest_route=\/wp\/v2\/users\/1"}],"replies":[{"embeddable":true,"href":"http:\/\/holmsundskoter.com\/index.php?rest_route=%2Fwp%2Fv2%2Fcomments&post=96"}],"version-history":[{"count":12,"href":"http:\/\/holmsundskoter.com\/index.php?rest_route=\/wp\/v2\/pages\/96\/revisions"}],"predecessor-version":[{"id":101,"href":"http:\/\/holmsundskoter.com\/index.php?rest_route=\/wp\/v2\/pages\/96\/revisions\/101"}],"wp:attachment":[{"href":"http:\/\/holmsundskoter.com\/index.php?rest_route=%2Fwp%2Fv2%2Fmedia&parent=96"}],"curies":[{"name":"wp","href":"https:\/\/api.w.org\/{rel}","templated":true}]}}